 base 6
35212502
Convert -4614055 (base 7) to base 10.
-575251
-894ca9 (base 13) to base 11
-1912023
What is -120132021 (base 5) in base 4?
-2012303020
Convert -2008702 (base 10) to base 14.
-3a406a
-85283a (base 11) to base 3
-2120100211011
What is -7217630 (base 8) in base 13?
-51a98b
314665 (base 11) to base 2
1111011000001101011
Convert 80851 (base 10) to base 14.
21671
What is -7a3848 (base 15) in base 13?
-12934c1
122212122222101 (base 3) to base 15
c79d91
What is 2104302 (base 5) in base 13?
12ba8
-23334 (base 6) to base 3
-11121211
Convert -623a6 (base 11) to base 8.
-261553
What is 2aa8d (base 14) in base 16?
19f75
What is -558761 (base 10) in base 5?
-120340021
Convert -101100011001010100 (base 2) to base 7.
-1355105
-2caa1 (base 13) to base 6
-1454535
What is 2358c (base 13) in base 3?
10021201100
Convert 33224c (base 13) to base 8.
4460206
Convert 111100001000100111111 (base 2) to base 16.
1e113f
-a097 (base 16) to base 15
-c2ab
What is c331c (base 14) in base 15?
94328
1037265 (base 8) to base 3
112010121121
Convert 128129 (base 11) to base 16.
311ad
What is -621146 (base 8) in base 3?
-101102202221
-4002524 (base 6) to base 15
-3a737
What is 1443432320 (base 5) in base 10?
3889710
Convert 3852 (base 9) to base 3.
10221202
-52200 (base 7) to base 6
-135113
What is -57693 (base 10) in base 13?
-2034c
-1000110011110110110001 (base 2) to base 7
-25426251
245484 (base 10) to base 3
110110202000
Convert -3241545 (base 6) to base 2.
-100111010101101001
What is 52498 (base 16) in base 14?
8ab8c
Convert -3646499 (base 11) to base 14.
-bb365d
-1a8265 (base 15) to base 6
-43414522
Convert 20174424 (base 9) to base 12.
32a6594
What is 25644428 (base 9) in base 4?
300011313203
24310024 (base 6) to base 2
10111100010001000000
What is -3032513 (base 6) in base 3?
-21100012000
Convert 1129b77 (base 12) to base 10.
3293515
-5043002 (base 7) to base 14
-118372
-232415145 (base 6) to base 2
-10000100000001000001001
-141440402 (base 5) to base 6
-23421244
2076630 (base 8) to base 10
556440
Convert 12737b (base 14) to base 6.
21333441
-1436781 (base 12) to base 6
-222525041
Convert -5320441 (base 6) to base 14.
-6a745
9dc55 (base 15) to base 11
313409
What is 1285233 (base 11) in base 10?
2217724
-71141 (base 10) to base 13
-264c5
Convert 112312322 (base 5) to base 14.
d3da9
11111001101011010 (base 2) to base 8
371532
What is 112200202 (base 3) in base 13?
4b50
Convert -111011001100011 (base 2) to base 16.
-7663
What is -11001111111111110 (base 2) in base 13?
-3961b
Convert 85567 (base 13) to base 4.
322230103
What is -2545053 (base 6) in base 2?
-100001110011111001
Convert -21021100102100 (base 3) to base 7.
-44564310
-65029 (base 11) to base 10
-94532
12237506 (base 8) to base 2
1010010011111101000110
5335455 (base 7) to base 6
21515100
ba056 (base 12) to base 8
737302
-1646150 (base 10) to base 3
-10002122002112
Convert -5323 (base 14) to base 8.
-34003
b665 (base 13) to base 7
133441
Convert 3211311123 (base 4) to base 10.
941403
Convert -12001012212 (base 3) to base 4.
-120033212
What is -101011211022 (base 3) in base 10?
-200348
What is 403251 (base 6) in base 15?
968a
3435155 (base 6) to base 2
101010111111101111
-10110001001011001 (base 2) to base 3
-11121102202
-12b7a5 (base 14) to base 10
-646357
26114 (base 13) to base 14
1b990
179b07 (base 12) to base 14
a9b83
What is 163576 (base 14) in base 12?
316030
15d11d (base 14) to base 3
1102220110221
What is 113131001 (base 4) in base 11?
661a2
Convert 13a5d6b (base 14) to base 10.
9543531
-edbb8 (base 15) to base 3
-1102101001002
Convert -262600 (base 7) to base 16.
-bf68
What is 110100111110010001 (base 2) in base 14?
59105
Convert 120827 (base 16) to base 10.
1181735
Convert -428823 (base 10) to base 14.
-b23c3
Convert 10010001110000001 (base 2) to base 14.
1d2a5
10223444 (base 5) to base 12
41a10
Convert -de62 (base 16) to base 8.
-157142
Convert -104134340 (base 5) to base 11.
-293709
Convert 8245469 (base 10) to base 8.
37350335
What is -12e8385 (base 15) in base 12?
-46a0b45
What is -7105 (base 13) in base 12?
-9001
What is 1263677 (base 8) in base 7?
3003524
Convert -3148052 (base 11) to base 3.
-101102201022111
What is -5bee49 (base 16) in base 2?
-10110111110111001001001
What is -10101110100100110110 (base 2) in base 4?
-2232210312
1421343 (base 6) to base 2
10011101100111111
What is -1232424 (base 6) in base 12?
-32714
What is 1a8a2 (base 13) in base 15?
1062a
33060a (base 13) to base 2
100100101000111001010
What is 5db9 (base 16) in base 5?
1231433
2084818 (base 13) to base 12
3390837
Convert -100201120210 (base 3) to base 13.
-6918c
1012022 (base 6) to base 12
24012
Convert 8b7a11 (base 12) to base 9.
4172124
-2242062 (base 14) to base 8
-76120106
2b459a (base 15) to base 12
849877
What is d1cdc (base 14) in base 4?
1323031322
Convert -100210002221121 (base 3) to base 8.
-23651175
-608605 (base 15) to base 16
-45f49d
Convert 175635 (base 12) to base 3.
202111112112
What is 32c0b (base 13) in base 16?
167d4
dd61 (base 16) to base 11
39641
Convert 4215055 (base 6) to base 13.
72176
Convert 100110010100010011000 (base 2) to base 11.
788373
Convert -447ea (base 15) to base 7.
-1564654
-607ca3 (base 13) to base 6
-120042522
Convert -2022101021 (base 3) to base 9.
-68337
What is 2a044 (base 15) in base 14?
37316
146322 (base 9) to base 14
24ab8
Convert -b2c05 (base 15) to base 11.
-357546
Convert 11c244 (base 14) to base 5.
124001440
51553 (base 7) to base 4
3011113
Convert 2001220110010 (base 3) to base 12.
450970
Convert 3a1b98 (base 14) to base 5.
1003041131
6512352 (base 10) to base 7
106232310
Convert -73396a2 (base 11) to base 9.
-26313418
221222110122 (base 3) to base 10
511370
What is -17d72 (base 15) in base 4?
-102313202
What is -bd672 (base 15) in base 8?
-2230137
Convert 376051 (base 10) to base 7.
3124234
What is 3212311201 (base 4) in base 5?
220224010
Convert -20200606 (base 7) to base 2.
-110011010011001101000
What is 20ac6 (base 13) in base 11?
40343
What is 41cb5 (base 14) in base 7?
1231215
278800 (base 10) to base 5
32410200
Convert -2ad06d (base 14) to base 15.
-1e8202
Convert -142184 (base 12) to base 9.
-561161
What is ce5 (base 16) in base 11?
2531
Convert 124030031 (base 5) to base 11.
388287
147d7c1 (base 14) to base 7
150613331
324124 (base 8) to base 11
74683
What is -47a23 (base 15) in base 4?
-313300320
What is -20222022220 (base 3) in base 9?
-228286
What is -201222002000 (base 3) in base 2?
-1011111111100011001
-1221212002 (base 3) to base 8
-113203
-26233252 (base 8) to base 15
-7a754d
Convert 12123120 (base 4) to base 6.
321520
2038337 (base 9) to base 3
2001022101021
Convert 112135135 (base 6) to base 8.
7702403
What is -1438599 (base 11) in base 9?
-4575570
Convert 25297 (base 15) to base 7.
1003054
What is -2b02b3 (base 13) in base 14?
-1d7413
Convert -1471121 (base 9) to base 2.
-11000110110100111001
Convert -1514443 (base 6) to base 4.
-111130323
Convert 3102422203 (base 5) to base 13.
13c5541
-2202200210112 (base 3) to base 11
-914687
-d59e (base 15) to base 9
-67835
Convert 659eeb (base 15) to base 11.
2808788
What is -635c (base 15) in base 12?
-101b0
73651 (base 11) to base 3
12110010200
427602 (base 11) to base 12
28b68b
Convert 4142115 (base 8) to base 6.
35315101
What is -1e4ce (base 16) in base 2?
-11110010011001110
Convert -22220022001102 (base 3) to base 15.
-636645
Convert -11012011020 (base 3) to base 13.
-2b716
-575602 (base 9) to base 15
-6c4a5
122110221002 (base 3) to base 7
2632010
-1420144 (base 6) to base 16
-13a20
975 (base 14) to base 11
1448
What is 12111200221 (base 3) in base 11?
74499
Convert 4555305 (base 7) to base 12.
234bb3
24a3c9 (base 13) to base 9
1580361
-11001212020221 (base 3) to base 5
-1023144101
What is 86777 (base 13) in base 5?
30233301
-da9d12 (base 15) to base 8
-47556662
What is 100011011100110000 (base 2) in base 11?
9a100
Convert 1736184 (base 10) to base 16.
1a7df8
-64580c (base 13) to base 16
-23ecaf
What is -377691 (base 10) in base 3?
-201012002120
Convert 1638656 (base 9) to base 7.
10515162
112312342 (base 5) to base 8
1744613
1134214400 (base 5) to base 12
a78570
What is 15f41 (base 16) in base 13?
31c10
What is 32715745 (base 8) in base 3?
111021021212212
Convert -1100100101121 (base 3) to base